-1461. Suppose 2*r = l + 2765. Is r a composite number?
False
Let b = -981 - -1558. Let p(l) = -12*l + 4. Let d be p(-5). Let s = d + b. Is s a composite number?
False
Suppose 1370*j - 1536*j = -5800538. Is j a prime number?
False
Suppose -a = -4*a - 168. Let y = a + 51. Is (-56)/y + 10/(-50) a prime number?
True
Suppose x + 4*q = 582043, 5*x + 18*q - 2910365 = 23*q. Is x a prime number?
True
Let f = 4339 - 2780. Suppose 4*h - f - 593 = 0. Is h composite?
True
Let p = 1184998 - 413027. Is p a composite number?
False
Let k(f) be the second derivative of 101*f**5/20 + f**4/3 - 4*f**3/3 - f**2/2 + 36*f - 2. Let x be k(7). Suppose 18481 = 7*i - x. Is i prime?
False
Let w be (-104)/(-52) + 2/2. Is (1/1)/(w/150207) a composite number?
False
Suppose -4*t = 2*w - 3*t - 217, -4*t - 232 = -2*w. Suppose -w = -8*y + 50. Suppose 0*f + 4*f = y, 3*r - 5438 = -f. Is r a composite number?
False
Let f(x) = -612*x + 29. Let j be f(-29). Suppose 2*q - 44438 = -3*q - a, 2*q = -a + j. Is q a prime number?
True
Suppose -4*d + 9006 = q, 36*d - 34*d - 4494 = 4*q. Is d composite?
False
Is (17 + 119255/(-2))*-2*1 a prime number?
False
Let n = -1 + 3. Suppose 16 = 4*q, 2 = -r + n*q - q. Suppose -4*m - 738 = -2*p, p + r*m - 482 = -129. Is p a composite number?
True
Suppose 10*v + 14*v - 8544 = 0. Suppose 5*a - a - 56 = 0. Is (a/(-2))/((-4)/v) a composite number?
True
Let s(n) be the first derivative of -32*n**4 + 7*n**3/3 - n**2 - 2*n + 91. Is s(-5) a composite number?
False
Let b = -325 - -619. Let k = b + -280. Is k prime?
False
Suppose -27288 = 5*i + 4*i. Is (-1)/((-10)/(-40) + 766/i) prime?
True
Let d(q) = -q**3 + 83*q**2 - 37*q + 94. Is d(-57) a composite number?
True
Suppose d = -7*s + 40, 2*d + 3*s = 2*s + 41. Suppose -15*f + 159494 = d*f. Is f composite?
False
Let u(l) = 1 + 6 - 2 + 420*l**2 + 6. Is u(-3) a composite number?
True
Let n(w) = 17*w - 2. Let c be n(3). Suppose 5*g - 12*g = c. Is (-15906)/(-42) + (-2)/g composite?
False
Let s = -199529 - -526718. Is s composite?
True
Suppose -4*o + 2*m = 107262, 19*o - 20*o + 3*m - 26803 = 0. Let f = o - -43853. Is f a composite number?
True
Suppose -4*u + l = 5*l - 12, 0 = -4*u + 3*l - 9. Let w(f) = -3*f**2 + 5436. Let c be w(u). Let s = c - 2775. Is s composite?
True
Let s(d) = 123*d**3 - 7*d**2 - 24*d + 57. Is s(10) prime?
True
Suppose 2*p - 6*p + 178796 = 2*f, -5*p = 6*f - 223495. Is p composite?
False
Suppose 1974 - 10553 = -j + 5315. Is j a prime number?
False
Let f(v) = -5*v**3 - 3*v**2 - v - 7. Let t be f(-8). Suppose 9*g + 3*g = 22608. Suppose 0 = -4*h - 2*n + g, -h + 6*h - n = t. Is h a prime number?
False
Suppose 2664302 + 88381357 = 45*f + 6*f. Is f composite?
False
Suppose -4*n = 55*n - 5245336. Suppose 0 = 740*k - 748*k + n. Is k composite?
False
Let p(t) = 13*t**2 + 36*t - 1062. Is p(-49) a prime number?
True
Let b(t) = -111*t - 23. Let y be b(-7). Let c = y - -625. Let a = 3226 - c. Is a prime?
True
Let l = 103 + -105. Let n be l/15 - 16/(-120). Suppose 5*m - 2*m = 3*b + 11841, n = -b - 4. Is m prime?
True
Suppose -66 = 5*v + 159. Let t = 48 + -34. Is v/10*t/(-3) a composite number?
True
Let v = -14887 + 29481. Is v a composite number?
True
Suppose -24*v + 42*v - 3*v = 2739585. Is v prime?
True
Let k be ((-27)/(-6))/((-39)/52). Let r(g) = -176*g + 83. Is r(k) a prime number?
False
Let s be 4/14 + 39526/(-14). Let k(l) = 171*l + 464. Let a be k(-14). Let y = a - s. Is y a composite number?
True
Suppose 1040*w - 1037*w = -3*s + 541458, -3*s + 541460 = w. Is s a prime number?
False
Let b = 551753 + -340746. Is b a prime number?
True
Let i(k) = 104*k**3 + 12*k**2 + 4*k + 55. Let o be i(6). Let c = 36552 - o. Is c a prime number?
True
Let q be 3596 + -12*1/(-2). Suppose 0 = 7*r - q - 9327. Is r prime?
True
Suppose -6785 = 16*y - 1169. Let l(o) = 55*o + 3. Let f be l(-11). Let m = y - f. Is m composite?
False
Let m(d) = 11*d**2 - 40*d - 733. Is m(-20) composite?
True
Let c(n) = 9*n**2 + 5*n - 10. Let u be c(-10). Suppose 5*p + u = p - 2*t, 2*p + 2*t = -420. Let v = 119 - p. Is v prime?
False
Let p = 835792 + -364961. Is p a prime number?
True
Let i(a) = 106*a**2 + 188*a + 163. Is i(22) prime?
True
Suppose 0 = -5*t - 25, -4*t - 220 = -3*o - o. Suppose o*j - 52*j + 422 = 0. Is j a composite number?
False
Let i be 0/(2/(-3) - (-22)/(-66)). Is 1055 - (-5)/((-15)/1)*i a composite number?
True
Let g be 362/4 - 6/12. Suppose 0 = 12*m - g + 18. Let s(w) = w**3 - w**2 + 7*w + 1. Is s(m) prime?
True
Let i(o) = 911*o**2 + 128*o + 106. Is i(-15) a composite number?
True
Suppose -3*u + 9 = -k, u - 48 + 13 = -5*k. Suppose 52 = -5*p - s, 4*p = 2*s - k - 30. Let q(z) = 17*z**2 + 15*z + 13. Is q(p) a composite number?
True
Suppose -4*a + 8 = -0*a. Let c(j) = -2*j**3 + j**2 + 2. Let l be c(a). Is (-5)/l*2 - -210 composite?
False
Let j(f) = 44*f - 19. Let a be j(19). Suppose 2*x - 489 = a. Is x composite?
False
Let v be (-3)/(-2)*2*7. Is 82792/12 - 7/v composite?
False
Is (37482944/96)/((-133)/147 + 1) a composite number?
True
Let q be (-14 + 12)*-1*13209/2. Suppose -2*o + q - 4115 = 0. Is o composite?
False
Let q = -51 + 1. Is (q/(-75) - (-22)/(-6)) + 4892 a prime number?
True
Suppose 5*z = -8 - 2. Let t(y) be the first derivative of -121*y**4/2 - y**3 - y**2 + 3*y + 191. Is t(z) a prime number?
True
Let p(o) = -o**3 - 5*o**2 - 5*o - 9. Let c be 4/6 + (451/(-33) - -3). Is p(c) a prime number?
True
Is (59/236)/((-2)/(-97046))*4 composite?
False
Suppose -22 = -12*c + c. Suppose -4*d - 3*m + 32 = 0, -5 = 2*d - 4*m + 1. Suppose -c*k = -0*k + d*j - 518, 0 = -2*k + j + 518. Is k a composite number?
True
Let f(v) = -23*v - 30. Let x be f(-5). Suppose 2*w = -d + 4*w + x, 2*d - 3*w - 167 = 0. Is d a prime number?
True
Let c = 86670 + -60088. Is c a composite number?
True
Let z(o) = -16*o + 125. Let u be 266/(-21) + 6 + 1/(-3). Is z(u) composite?
True
Suppose 0 = j - 5*r + 11, -3*j - 4 = 2*r - 5. Is 28916/40 - (0 - j/(-10)) a composite number?
True
Is (-26)/(-143) - (391268134/(-2277) + 1/9) a prime number?
False
Let n = -11 + 29. Is (-6)/n + 2924/6 a prime number?
True
Let h(n) = -n**2 - 19*n - 43. Let v be h(-16). Suppose v*l = -q + 54519, 0 = -3*l + 2*l + 2*q + 10895. Is l a composite number?
False
Let p be 6*1/(-14) + (-34)/(-14). Let w be p/2*3 - 0/2. Suppose 2*r - 9 = -w, -5*r = 4*m - 1019. Is m prime?
True
Let a = -45 + -5173. Is (-3 + 2)/((-4)/a)*-2 prime?
True
Is ((-170827)/6)/(((-3)/30)/(3/5)) a prime number?
True
Let x(m) = -42342*m - 5137. Is x(-6) a prime number?
False
Suppose -4*g + j + 541207 = 0, 3*g - 405894 = -32*j + 29*j. Is g a prime number?
True
Is -4 - ((-28)/(-182) - (-9214735)/(-65)) prime?
True
Suppose 0 = 15*m - 1701846 + 468141. Is m a prime number?
False
Let q(l) = 12*l**2 + 220*l - 434. Is q(88) composite?
True
Suppose 145*v - 7879416 - 39215826 = 198698753. Is v prime?
True
Let i = -116 - -152. Let y be ((-12)/54)/((-4)/i). Is 2/(10016/5006 - y) prime?
True
Suppose 0 = 104*j + 5824467 - 18382571. Is j a composite number?
True
Let u = 8317216 + -5119661. Is u prime?
False
Let w = -226157 + 322026. Is w a prime number?
True
Suppose -c - h = -2*c + 3534, -c + 5*h = -3542. Suppose 3*i + 3389 = 4*z - 16419, -8 = -2*i. Let q = z - c. Is q composite?
False
Let z(n) = 6619*n**2 + 874*n + 19. Is z(12) a composite number?
False
Let n = 43262 + -1543. Is n prime?
True
Let z(b) = -7*b**3 - 2*b**2 + 1. Let m be z(-1). Suppose -h = -m + 4. Is (-473)/((-2)/h) + 0 prime?
False
Suppose -5*v + 2*m = -99539, -24*v = -19*v - 4*m - 99543. Is v a prime number?
False
Let h be ((3 - 3)*-1)/2. Is h + -8 + 5 + 3208 composite?
True
Let t = 9594 + 181. Let d = -4002 + t. Is d prime?
False
Suppose -2 = -3*y + 7. Suppose 0 = y*g - 5*g - 3*m + 13, 3*g = -3*m + 18. Suppose 0 = -g*l + 4*i + 1581, 5*l + 2*i - 1096 = 491. Is l prime?
True
Let n = -42752 + 267235. Is n a composite number?
True
Is 1/(-2) - (2249013/(-26) - 9) composite?
False
Let b = 92215 + -21213. Suppose 9*p - b + 19045 = 0. Is p a prime number?
False
Let a = 48 + -43. Suppose 8*c = 4*c + 4*t + 1140, a*t = -4*c + 1122. Suppose -c = -4*q + 201. Is q composite?
True
Suppose 259*s - 24 = 253*s. Suppose 2*l = -6*q + 5*q + 4122, -5*l - s*q = -10302. Is l a composite number?
True
Suppose 4*q + 3*n - 40 = 0, q - 1 = n + 2. Let l(k) = -9*k**2 + 9*k - 513. Let r(y) = -5*y**2 + 